{"id":4411,"date":"2020-01-23T12:01:21","date_gmt":"2020-01-23T11:01:21","guid":{"rendered":"https:\/\/luzjardin.com\/?page_id=4411"},"modified":"2022-07-09T09:49:19","modified_gmt":"2022-07-09T08:49:19","slug":"enviament-lliurament","status":"publish","type":"page","link":"https:\/\/luzjardin.com\/ca\/enviament-lliurament\/","title":{"rendered":"Enviament &#038; lliurament"},"content":{"rendered":"<h2>Maneres de rebre els productes<\/h2>\n<ul>\n<li>Col\u00b7lecci\u00f3<\/li>\n<li>Lliurament<\/li>\n<\/ul>\n<h2>Col\u00b7lecci\u00f3<\/h2>\n<p>La recollida \u00e9s gratu\u00efta i est\u00e0 disponible el dia despr\u00e9s del pagament. Recollir adre\u00e7a: consultar &#8211;\u00a0 tel 650555079, info@luzjardin.com<\/p>\n<h2>Lliurament<\/h2>\n<p>El cost d&#8217;enviament \u00e9s de 10 euros sense IVA.<br \/>\nLliurament es porta a terme dins de 3 dies a 5 dies si els b\u00e9ns estan en estoc. I fins a 5 setmanes si l&#8217;element es troba en personalitzat condici\u00f3.<\/p>\n<p>Lliurament de paqueteria: lliurament de la seva comanda ser\u00e0 realitzada per una companyia especialitzada en l&#8217;enviament expr\u00e9s. Un distribu\u00efdor \u00e9s present a casa seva despr\u00e9s de la seva mercaderia s&#8217;envia. Els paquets es quedar\u00e0 a casa o a on has donat una indicaci\u00f3. Els preus no inclouen la instal\u00b7laci\u00f3.<\/p>\n<p>Lliurament de companyia: entrega de la comanda ser\u00e0 feta per una companyia especialitzada en el lliurament de mobles. Els seus mobles es lliuraran embolicat, en caixes o palets per a garantir la m\u00e0xima protecci\u00f3. El nostre servei de lliurament es posar\u00e0 en contacte amb vost\u00e8 per establir una data de lliurament. Nota: abans de fer la comanda, s&#8217;ha de comprovar, especialment en termes de mida i volum, que els seus productes poden ser transportats a trav\u00e9s de les vies d&#8217;acc\u00e9s al lloc de lliurament. Anem a lliurar la mercaderia a vost\u00e8 per cita un m\u00e0xim de 5 dies a 3 setmanes a partir de la confirmaci\u00f3 de la comanda, a la data acordada amb els operadors (llevat que s&#8217;indiqui el contrari en el moment de la comanda, per exemple, si el producte est\u00e0 en un estat de subministrament). El nostre servei de lliurament es posar\u00e0 en contacte amb vost\u00e8 per tel\u00e8fon per fer una cita.<\/p>\n<p>Despr\u00e9s de l&#8217;acceptaci\u00f3 de la cotitzaci\u00f3 a c\u00e0rrec del comprador i Lightpro marca, el comprador cal esmentar els obstacles per al lliurament de la normal vies d&#8217;acc\u00e9s (escales, ascensor, portes de repl\u00e0 fase) en l&#8217;ordre i recordar el portador de la comanda. El comprador ha de verificar l&#8217;ordre, en concret, en relaci\u00f3 amb les caracter\u00edstiques dels productes en termes de mida i volum, que poden ser transportades per la via d&#8217;acc\u00e9s al lloc de lliurament.<\/p>\n<p>La incapacitat per a lliurar la Mercaderia a la data pactada per les companyies, a causa de l&#8217;abs\u00e8ncia del comprador o de la informaci\u00f3 sobre la necessitat de rec\u00f3rrer a mitjans espec\u00edfics de lliurament, podr\u00e0 donar lloc al pagament de les despeses dels enviaments addicionals i\/o cancel\u00b7laci\u00f3 de la comanda per part de la marca Lightpro. Els riscos del producte, es transfereix del venedor al comprador en el moment del lliurament o en la data de la primera presentaci\u00f3 de productes per part dels operadors a la data de lliurament acordada amb el segon.<\/p>\n<p>En els casos en qu\u00e8 les respectives dates de disponibilitat dels productes d&#8217;un ordre diferent, la Lightpro marca proposar\u00e0 al comprador a partir de la seva comanda. En el cas de dividir el lliurament, la proporci\u00f3 de les despeses d&#8217;enviament referit en el punt 3.2. aplicar en cada una de les fraccions de la comanda. En abs\u00e8ncia d&#8217;una divisi\u00f3 de lliurament, el lliurament tindr\u00e0 lloc en la data de la disponibilitat de tots els productes demanats.<\/p>\n","protected":false},"excerpt":{"rendered":"<p>Maneres de rebre els productes Col\u00b7lecci\u00f3 Lliurament Col\u00b7lecci\u00f3 La recollida \u00e9s gratu\u00efta i est\u00e0 disponible el dia despr\u00e9s del pagament.<\/p>\n","protected":false},"author":4,"featured_media":0,"parent":0,"menu_order":0,"comment_status":"closed","ping_status":"closed","template":"","meta":{"footnotes":""},"class_list":["post-4411","page","type-page","status-publish","hentry"],"yoast_head":"\n<title>Enviament &amp; lliurament - Il\u00b7luminaci\u00f3 Exterior de Jardins<\/title>\n<meta name=\"description\" content=\"Enviament &amp; lliurament - Prove\u00efdor oficial de LightPro productes a Espanya\" \/>\n<meta name=\"robots\" content=\"index, follow, max-snippet:-1, max-image-preview:large, max-video-preview:-1\" \/>\n<link rel=\"canonical\" href=\"https:\/\/luzjardin.com\/ca\/enviament-lliurament\/\" \/>\n<meta property=\"og:locale\" content=\"ca_ES\" \/>\n<meta property=\"og:type\" content=\"article\" \/>\n<meta property=\"og:title\" content=\"Enviament &amp; lliurament - Il\u00b7luminaci\u00f3 Exterior de Jardins\" \/>\n<meta property=\"og:description\" content=\"Enviament &amp; lliurament - Prove\u00efdor oficial de LightPro productes a Espanya\" \/>\n<meta property=\"og:url\" content=\"https:\/\/luzjardin.com\/ca\/enviament-lliurament\/\" \/>\n<meta property=\"og:site_name\" content=\"Il\u00b7luminaci\u00f3 Exterior de Jardins\" \/>\n<meta property=\"article:publisher\" content=\"https:\/\/www.facebook.com\/LuzJardiniluminacion\/\" \/>\n<meta property=\"article:modified_time\" content=\"2022-07-09T08:49:19+00:00\" \/>\n<meta name=\"twitter:card\" content=\"summary_large_image\" \/>\n<meta name=\"twitter:label1\" content=\"Temps estimat de lectura\" \/>\n\t<meta name=\"twitter:data1\" content=\"3 minuts\" \/>\n<script type=\"application\/ld+json\" class=\"yoast-schema-graph\">{\"@context\":\"https:\/\/schema.org\",\"@graph\":[{\"@type\":\"WebPage\",\"@id\":\"https:\/\/luzjardin.com\/ca\/enviament-lliurament\/\",\"url\":\"https:\/\/luzjardin.com\/ca\/enviament-lliurament\/\",\"name\":\"Enviament & lliurament - Il\u00b7luminaci\u00f3 Exterior de Jardins\",\"isPartOf\":{\"@id\":\"https:\/\/luzjardin.com\/#website\"},\"datePublished\":\"2020-01-23T11:01:21+00:00\",\"dateModified\":\"2022-07-09T08:49:19+00:00\",\"description\":\"Enviament & lliurament - Prove\u00efdor oficial de LightPro productes a Espanya\",\"breadcrumb\":{\"@id\":\"https:\/\/luzjardin.com\/ca\/enviament-lliurament\/#breadcrumb\"},\"inLanguage\":\"ca\",\"potentialAction\":[{\"@type\":\"ReadAction\",\"target\":[\"https:\/\/luzjardin.com\/ca\/enviament-lliurament\/\"]}]},{\"@type\":\"BreadcrumbList\",\"@id\":\"https:\/\/luzjardin.com\/ca\/enviament-lliurament\/#breadcrumb\",\"itemListElement\":[{\"@type\":\"ListItem\",\"position\":1,\"name\":\"Home\",\"item\":\"https:\/\/luzjardin.com\/ca\/\"},{\"@type\":\"ListItem\",\"position\":2,\"name\":\"Enviament &#038; lliurament\"}]},{\"@type\":\"WebSite\",\"@id\":\"https:\/\/luzjardin.com\/#website\",\"url\":\"https:\/\/luzjardin.com\/\",\"name\":\"Il\u00b7luminaci\u00f3 Exterior de Jardins\",\"description\":\"LightPro Espa\u00f1a\",\"publisher\":{\"@id\":\"https:\/\/luzjardin.com\/#organization\"},\"potentialAction\":[{\"@type\":\"SearchAction\",\"target\":{\"@type\":\"EntryPoint\",\"urlTemplate\":\"https:\/\/luzjardin.com\/?s={search_term_string}\"},\"query-input\":{\"@type\":\"PropertyValueSpecification\",\"valueRequired\":true,\"valueName\":\"search_term_string\"}}],\"inLanguage\":\"ca\"},{\"@type\":\"Organization\",\"@id\":\"https:\/\/luzjardin.com\/#organization\",\"name\":\"LightPro\",\"url\":\"https:\/\/luzjardin.com\/\",\"logo\":{\"@type\":\"ImageObject\",\"inLanguage\":\"ca\",\"@id\":\"https:\/\/luzjardin.com\/#\/schema\/logo\/image\/\",\"url\":\"https:\/\/luzjardin.com\/wp-content\/uploads\/2019\/06\/lightpro-12volt-logo.svg\",\"contentUrl\":\"https:\/\/luzjardin.com\/wp-content\/uploads\/2019\/06\/lightpro-12volt-logo.svg\",\"width\":1,\"height\":1,\"caption\":\"LightPro\"},\"image\":{\"@id\":\"https:\/\/luzjardin.com\/#\/schema\/logo\/image\/\"},\"sameAs\":[\"https:\/\/www.facebook.com\/LuzJardiniluminacion\/\",\"https:\/\/www.instagram.com\/luzjardin\/\",\"https:\/\/www.youtube.com\/channel\/UC6I_ssvnZbWlsJQOvnIOy_g\"]}]}<\/script>\n","yoast_head_json":{"title":"Enviament & lliurament - Il\u00b7luminaci\u00f3 Exterior de Jardins","description":"Enviament & lliurament - Prove\u00efdor oficial de LightPro productes a Espanya","robots":{"index":"index","follow":"follow","max-snippet":"max-snippet:-1","max-image-preview":"max-image-preview:large","max-video-preview":"max-video-preview:-1"},"canonical":"https:\/\/luzjardin.com\/ca\/enviament-lliurament\/","og_locale":"ca_ES","og_type":"article","og_title":"Enviament & lliurament - Il\u00b7luminaci\u00f3 Exterior de Jardins","og_description":"Enviament & lliurament - Prove\u00efdor oficial de LightPro productes a Espanya","og_url":"https:\/\/luzjardin.com\/ca\/enviament-lliurament\/","og_site_name":"Il\u00b7luminaci\u00f3 Exterior de Jardins","article_publisher":"https:\/\/www.facebook.com\/LuzJardiniluminacion\/","article_modified_time":"2022-07-09T08:49:19+00:00","twitter_card":"summary_large_image","twitter_misc":{"Temps estimat de lectura":"3 minuts"},"schema":{"@context":"https:\/\/schema.org","@graph":[{"@type":"WebPage","@id":"https:\/\/luzjardin.com\/ca\/enviament-lliurament\/","url":"https:\/\/luzjardin.com\/ca\/enviament-lliurament\/","name":"Enviament & lliurament - Il\u00b7luminaci\u00f3 Exterior de Jardins","isPartOf":{"@id":"https:\/\/luzjardin.com\/#website"},"datePublished":"2020-01-23T11:01:21+00:00","dateModified":"2022-07-09T08:49:19+00:00","description":"Enviament & lliurament - Prove\u00efdor oficial de LightPro productes a Espanya","breadcrumb":{"@id":"https:\/\/luzjardin.com\/ca\/enviament-lliurament\/#breadcrumb"},"inLanguage":"ca","potentialAction":[{"@type":"ReadAction","target":["https:\/\/luzjardin.com\/ca\/enviament-lliurament\/"]}]},{"@type":"BreadcrumbList","@id":"https:\/\/luzjardin.com\/ca\/enviament-lliurament\/#breadcrumb","itemListElement":[{"@type":"ListItem","position":1,"name":"Home","item":"https:\/\/luzjardin.com\/ca\/"},{"@type":"ListItem","position":2,"name":"Enviament &#038; lliurament"}]},{"@type":"WebSite","@id":"https:\/\/luzjardin.com\/#website","url":"https:\/\/luzjardin.com\/","name":"Il\u00b7luminaci\u00f3 Exterior de Jardins","description":"LightPro Espa\u00f1a","publisher":{"@id":"https:\/\/luzjardin.com\/#organization"},"potentialAction":[{"@type":"SearchAction","target":{"@type":"EntryPoint","urlTemplate":"https:\/\/luzjardin.com\/?s={search_term_string}"},"query-input":{"@type":"PropertyValueSpecification","valueRequired":true,"valueName":"search_term_string"}}],"inLanguage":"ca"},{"@type":"Organization","@id":"https:\/\/luzjardin.com\/#organization","name":"LightPro","url":"https:\/\/luzjardin.com\/","logo":{"@type":"ImageObject","inLanguage":"ca","@id":"https:\/\/luzjardin.com\/#\/schema\/logo\/image\/","url":"https:\/\/luzjardin.com\/wp-content\/uploads\/2019\/06\/lightpro-12volt-logo.svg","contentUrl":"https:\/\/luzjardin.com\/wp-content\/uploads\/2019\/06\/lightpro-12volt-logo.svg","width":1,"height":1,"caption":"LightPro"},"image":{"@id":"https:\/\/luzjardin.com\/#\/schema\/logo\/image\/"},"sameAs":["https:\/\/www.facebook.com\/LuzJardiniluminacion\/","https:\/\/www.instagram.com\/luzjardin\/","https:\/\/www.youtube.com\/channel\/UC6I_ssvnZbWlsJQOvnIOy_g"]}]}},"_links":{"self":[{"href":"https:\/\/luzjardin.com\/ca\/wp-json\/wp\/v2\/pages\/4411","targetHints":{"allow":["GET"]}}],"collection":[{"href":"https:\/\/luzjardin.com\/ca\/wp-json\/wp\/v2\/pages"}],"about":[{"href":"https:\/\/luzjardin.com\/ca\/wp-json\/wp\/v2\/types\/page"}],"author":[{"embeddable":true,"href":"https:\/\/luzjardin.com\/ca\/wp-json\/wp\/v2\/users\/4"}],"replies":[{"embeddable":true,"href":"https:\/\/luzjardin.com\/ca\/wp-json\/wp\/v2\/comments?post=4411"}],"version-history":[{"count":2,"href":"https:\/\/luzjardin.com\/ca\/wp-json\/wp\/v2\/pages\/4411\/revisions"}],"predecessor-version":[{"id":6421,"href":"https:\/\/luzjardin.com\/ca\/wp-json\/wp\/v2\/pages\/4411\/revisions\/6421"}],"wp:attachment":[{"href":"https:\/\/luzjardin.com\/ca\/wp-json\/wp\/v2\/media?parent=4411"}],"curies":[{"name":"wp","href":"https:\/\/api.w.org\/{rel}","templated":true}]}}

<h2>Maneres de rebre els productes</h2>
<ul>
<li>Col·lecció</li>
<li>Lliurament</li>
</ul>
<h2>Col·lecció</h2>
<p>La recollida és gratuïta i està disponible el dia després del pagament. Recollir adreça: consultar &#8211;  tel 650555079, info@luzjardin.com</p>
<h2>Lliurament</h2>
<p>El cost d&#8217;enviament és de 10 euros sense IVA.<br />
Lliurament es porta a terme dins de 3 dies a 5 dies si els béns estan en estoc. I fins a 5 setmanes si l&#8217;element es troba en personalitzat condició.</p>
<p>Lliurament de paqueteria: lliurament de la seva comanda serà realitzada per una companyia especialitzada en l&#8217;enviament exprés. Un distribuïdor és present a casa seva després de la seva mercaderia s&#8217;envia. Els paquets es quedarà a casa o a on has donat una indicació. Els preus no inclouen la instal·lació.</p>
<p>Lliurament de companyia: entrega de la comanda serà feta per una companyia especialitzada en el lliurament de mobles. Els seus mobles es lliuraran embolicat, en caixes o palets per a garantir la màxima protecció. El nostre servei de lliurament es posarà en contacte amb vostè per establir una data de lliurament. Nota: abans de fer la comanda, s&#8217;ha de comprovar, especialment en termes de mida i volum, que els seus productes poden ser transportats a través de les vies d&#8217;accés al lloc de lliurament. Anem a lliurar la mercaderia a vostè per cita un màxim de 5 dies a 3 setmanes a partir de la confirmació de la comanda, a la data acordada amb els operadors (llevat que s&#8217;indiqui el contrari en el moment de la comanda, per exemple, si el producte està en un estat de subministrament). El nostre servei de lliurament es posarà en contacte amb vostè per telèfon per fer una cita.</p>
<p>Després de l&#8217;acceptació de la cotització a càrrec del comprador i Lightpro marca, el comprador cal esmentar els obstacles per al lliurament de la normal vies d&#8217;accés (escales, ascensor, portes de replà fase) en l&#8217;ordre i recordar el portador de la comanda. El comprador ha de verificar l&#8217;ordre, en concret, en relació amb les característiques dels productes en termes de mida i volum, que poden ser transportades per la via d&#8217;accés al lloc de lliurament.</p>
<p>La incapacitat per a lliurar la Mercaderia a la data pactada per les companyies, a causa de l&#8217;absència del comprador o de la informació sobre la necessitat de recórrer a mitjans específics de lliurament, podrà donar lloc al pagament de les despeses dels enviaments addicionals i/o cancel·lació de la comanda per part de la marca Lightpro. Els riscos del producte, es transfereix del venedor al comprador en el moment del lliurament o en la data de la primera presentació de productes per part dels operadors a la data de lliurament acordada amb el segon.</p>
<p>En els casos en què les respectives dates de disponibilitat dels productes d&#8217;un ordre diferent, la Lightpro marca proposarà al comprador a partir de la seva comanda. En el cas de dividir el lliurament, la proporció de les despeses d&#8217;enviament referit en el punt 3.2. aplicar en cada una de les fraccions de la comanda. En absència d&#8217;una divisió de lliurament, el lliurament tindrà lloc en la data de la disponibilitat de tots els productes demanats.</p>

<p>Maneres de rebre els productes Col·lecció Lliurament Col·lecció La recollida és gratuïta i està disponible el dia després del pagament.</p>

<title>Enviament &amp; lliurament - Il·luminació Exterior de Jardins</title>
<meta name="description" content="Enviament &amp; lliurament - Proveïdor oficial de LightPro productes a Espanya" />
<meta name="robots" content="index, follow, max-snippet:-1, max-image-preview:large, max-video-preview:-1" />
<link rel="canonical" href="https://luzjardin.com/ca/enviament-lliurament/" />
<meta property="og:locale" content="ca_ES" />
<meta property="og:type" content="article" />
<meta property="og:title" content="Enviament &amp; lliurament - Il·luminació Exterior de Jardins" />
<meta property="og:description" content="Enviament &amp; lliurament - Proveïdor oficial de LightPro productes a Espanya" />
<meta property="og:url" content="https://luzjardin.com/ca/enviament-lliurament/" />
<meta property="og:site_name" content="Il·luminació Exterior de Jardins" />
<meta property="article:publisher" content="https://www.facebook.com/LuzJardiniluminacion/" />
<meta property="article:modified_time" content="2022-07-09T08:49:19+00:00" />
<meta name="twitter:card" content="summary_large_image" />
<meta name="twitter:label1" content="Temps estimat de lectura" />
	<meta name="twitter:data1" content="3 minuts" />
<script type="application/ld+json" class="yoast-schema-graph">{"@context":"https://schema.org","@graph":[{"@type":"WebPage","@id":"https://luzjardin.com/ca/enviament-lliurament/","url":"https://luzjardin.com/ca/enviament-lliurament/","name":"Enviament & lliurament - Il·luminació Exterior de Jardins","isPartOf":{"@id":"https://luzjardin.com/#website"},"datePublished":"2020-01-23T11:01:21+00:00","dateModified":"2022-07-09T08:49:19+00:00","description":"Enviament & lliurament - Proveïdor oficial de LightPro productes a Espanya","breadcrumb":{"@id":"https://luzjardin.com/ca/enviament-lliurament/#breadcrumb"},"inLanguage":"ca","potentialAction":[{"@type":"ReadAction","target":["https://luzjardin.com/ca/enviament-lliurament/"]}]},{"@type":"BreadcrumbList","@id":"https://luzjardin.com/ca/enviament-lliurament/#breadcrumb","itemListElement":[{"@type":"ListItem","position":1,"name":"Home","item":"https://luzjardin.com/ca/"},{"@type":"ListItem","position":2,"name":"Enviament &#038; lliurament"}]},{"@type":"WebSite","@id":"https://luzjardin.com/#website","url":"https://luzjardin.com/","name":"Il·luminació Exterior de Jardins","description":"LightPro España","publisher":{"@id":"https://luzjardin.com/#organization"},"potentialAction":[{"@type":"SearchAction","target":{"@type":"EntryPoint","urlTemplate":"https://luzjardin.com/?s={search_term_string}"},"query-input":{"@type":"PropertyValueSpecification","valueRequired":true,"valueName":"search_term_string"}}],"inLanguage":"ca"},{"@type":"Organization","@id":"https://luzjardin.com/#organization","name":"LightPro","url":"https://luzjardin.com/","logo":{"@type":"ImageObject","inLanguage":"ca","@id":"https://luzjardin.com/#/schema/logo/image/","url":"https://luzjardin.com/wp-content/uploads/2019/06/lightpro-12volt-logo.svg","contentUrl":"https://luzjardin.com/wp-content/uploads/2019/06/lightpro-12volt-logo.svg","width":1,"height":1,"caption":"LightPro"},"image":{"@id":"https://luzjardin.com/#/schema/logo/image/"},"sameAs":["https://www.facebook.com/LuzJardiniluminacion/","https://www.instagram.com/luzjardin/","https://www.youtube.com/channel/UC6I_ssvnZbWlsJQOvnIOy_g"]}]}</script>

Enviament & lliurament - Il·luminació Exterior de Jardins

Enviament & lliurament - Proveïdor oficial de LightPro productes a Espanya

Il·luminació Exterior de Jardins

LightPro España
